*p + 2*o. Calculate the remainder when p is divided by 4.
2
Suppose -4*k - 40 = k. Let y(m) = m**2 - 3*m - 2. Calculate the remainder when y(k) is divided by 22.
20
Suppose 0 = 2*d - 5*d + 9, -4*x - 4*d = -168. Calculate the remainder when x is divided by 21.
18
Calculate the remainder when 45 is divided by (4 - 14/4)*32.
13
Let h(p) = 4*p - 3 + 7 + 6*p. Let f be h(-4). Calculate the remainder when 45 is divided by (f/(-10) + -2)*10.
13
Suppose 3 = 4*s - 13, 3*d - 239 = 4*s. What is the remainder when d is divided by 22?
19
Let u = -7 + 19. What is the remainder when u is divided by 8?
4
Suppose 21 = -2*m + 25. What is the remainder when 8 is divided by m?
0
Let b(g) = -g + 3. Let k be b(-9). Suppose -v - 5*m = -36, 0*v + v - k = m. Let c(a) = 9*a - 8. Calculate the remainder when c(6) is divided by v.
14
Let m(r) = 2*r + 1. Let x be (-45)/(-3)*1 + -3. Calculate the remainder when m(x) is divided by 13.
12
Let t(k) = 2*k - 7. Calculate the remainder when 43 is divided by t(9).
10
Let w(b) = b**2 + 6. Calculate the remainder when w(6) is divided by 3*(-2)/21 - (-79)/7.
9
Let w(t) = 2*t**2 - 3. Let q be w(-6). Suppose q = 3*s - 0*s. Calculate the remainder when s is divided by 12.
11
Suppose 5*z = 65 - 10. Suppose v - 29 = -3*t - 0*t, t + 5 = 0. Let j = v + -23. What is the remainder when j is divided by z?
10
Let z(q) = -q + 46. Let x = -1 + 1. Calculate the remainder when z(x) is divided by 16.
14
Suppose -4*k = p - 6, -2 + 11 = k + 4*p. Let t be (-3)/(3/k)*-46. Suppose -35 = -4*r + g, 0*g + g = -5*r + t. What is the remainder when 17 is divided by r?
8
Let y be (16/(-10))/((-4)/(-30)). Let h = 17 + y. Suppose 2*s + 1 = h. Calculate the remainder when s is divided by 2.
0
Suppose 0 = -2*q - 4*q + 30. Calculate the remainder when q is divided by 1.
0
Let g(a) = a**3 + 17*a**2 - a + 16. Calculate the remainder when g(-17) is divided by 14.
5
Let w be (-12)/(-2)*16/12. Let y = 2 - -2. Suppose -y - w = -s. What is the remainder when 23 is divided by s?
11
Let d = 41 + -25. What is the remainder when d is divided by 9?
7
Let r(c) = -c + 1. Let n(x) = -2*x + 1. Let w(l) = 5*n(l) - 8*r(l). Let p be w(-5). Let t = -6 + p. What is the remainder when 2 is divided by t?
0
Suppose -5*p = -0 + 20. Let y = p + 26. Calculate the remainder when y is divided by 8.
6
Let q = 50 + -34. Let m = 32 - q. Suppose 3*h - 184 = -h. What is the remainder when h is divided by m?
14
Let p(y) = y**3 + 4*y**2 - 5*y + 1. Suppose -4*g - 15 = 5. Calculate the remainder when 3 is divided by p(g).
0
Let g(m) = -m**3 + 6*m**2 + 4*m + 5. Calculate the remainder when g(6) is divided by 10.
9
Let d = -6 + 15. Suppose c + 3*w = 52, 5*c + 4*w - w - 260 = 0. Suppose 6*h - 3*h = -x + c, 0 = -4*h - 3*x + 76. Calculate the remainder when h is divided by d.
7
Let h be (4/(-6))/((-2)/6). Suppose 0 = z - h*z + 16. What is the remainder when z is divided by 6?
4
Let u(k) be the third derivative of k**5/30 + k**4/4 + k**3 - 2*k**2. Calculate the remainder when 27 is divided by u(-4).
13
Suppose 2*g = 7 - 25. Let u(z) = -2*z - 4. Calculate the remainder when u(g) is divided by 9.
5
Let s(a) = a**2 + 2*a + 7. Calculate the remainder when 90 is divided by s(-6).
28
Let q(z) = -z**2 - 7*z + 1. Calculate the remainder when q(-5) is divided by 4/(-2) - -3*2.
3
Suppose -4*h + 46 + 150 = 0. Calculate the remainder when h is divided by 17.
15
Let j = -21 - -48. Let s be (-6)/j + (-5487)/(-27). Suppose 4*q - s = t, -170 = -4*q + 3*t + 39. Calculate the remainder when q is divided by 17.
16
Let s(d) = d. Suppose 0 = c + 2*c - 24. Calculate the remainder when 82/8 - 2/c is divided by s(4).
2
Suppose -5*n + 180 = -3*n. Suppose 6*o - o = n. What is the remainder when 53 is divided by o?
17
Suppose 5*q + 120 = 5*b, 5*q - 4 = -b + 14. What is the remainder when b is divided by 12?
11
Suppose -h - 51 = -3*t, -4*h - 79 = -3*t - 28. Calculate the remainder when t is divided by 10.
7
Let i = -54 - -58. Calculate the remainder when 14 is divided by i.
2
Let v be (4/(-10))/((-2)/(-10)). Let q = -1 + v. Let c = 8 + q. Calculate the remainder when 8 is divided by c.
3
What is the remainder when 95 is divided by (2 - (2 - (2 + -3))) + 25?
23
Let i(y) = -y**3 - 3*y**2 + 9*y + 8. Calculate the remainder when i(-6) is divided by 1 - (3 - (25 - 2)).
20
Let w(a) = a**3 - 8*a**2 + a - 4. Suppose -5*k + 5 = -10. Calculate the remainder when w(8) is divided by k.
1
Let n(a) = -3*a - 1. Let m be n(-1). Suppose -111 = -m*i - i. What is the remainder when i is divided by 13?
11
Let i(h) = -h**2 + 6. Let s(g) = g**3 + g**2 - g + 1. Let c(f) = i(f) - 2*s(f). Let d be c(-3). Let j = d + -14. What is the remainder when 21 is divided by j?
10
Suppose -40 = -0*l - 4*l. Let k = 1 - 4. Calculate the remainder when l is divided by 19/3 - (-1)/k.
4
Calculate the remainder when 93 is divided by 10/(-40) + 258/8.
29
Let v = -31 - -45. Let f(b) = -2*b**3 + 3*b**2 + b - 2. Let p be f(4). Let x = -24 - p. What is the remainder when x is divided by v?
12
Let f(t) = 19*t + 1. What is the remainder when f(4) is divided by 13?
12
Let w(a) = -10*a**3 - 6*a**2 - 6*a - 1. What is the remainder when 44 is divided by w(-1)?
8
Let o(t) = -2*t - 4*t - 4*t - 9 - t. Calculate the remainder when o(-6) is divided by 15.
12
Let u be (4/5)/(1/5). Suppose 0 = -0*d - u*d + 16. Calculate the remainder when 6 is divided by d.
2
Let q(c) = c - 3. Let z be q(8). Suppose -z*a + a + 12 = 0. What is the remainder when 9 is divided by a?
0
What is the remainder when (0 - 10)/(4/(-10)) is divided by 13?
12
Let u be ((-2)/4*0)/1. Let p = u - -58. Calculate the remainder when p is divided by 12.
10
What is the remainder when (-10)/(-6) + (-900)/(-27) is divided by 6?
5
Suppose 40 = g - 0*g. Let f(z) = -8*z - 66. Calculate the remainder when g is divided by f(-10).
12
Suppose -z = -3*o + 76, 3*o + z = 7*o - 100. Let a(f) = 7*f - 1. Calculate the remainder when o is divided by a(2).
11
Suppose -3*q = 4*u - 339, -u = -2*u. What is the remainder when q is divided by 38?
37
Let y(p) = 7 - 4*p - 2*p + 5*p. Let r(j) = -j**3 - 10*j**2 - 9*j + 13. What is the remainder when r(-9) is divided by y(0)?
6
Calculate the remainder when 68 is divided by (-12)/(-3 - 0) + 20.
20
Let f(b) = -2*b + 3. Let m be f(3). What is the remainder when ((-2)/m)/(4/24) is divided by 1?
0
Suppose -3 = -2*z + 3. What is the remainder when 6/5*50/15 is divided by z?
1
Let l be 2/6 + (-4)/12. Calculate the remainder when 56 is divided by 2*(38/4 + l).
18
Let k = 50 - -24. Calculate the remainder when k is divided by 25.
24
Let t be 0*(1 - 6/4). Suppose 5*x = 6 - 26, t = 4*u + 4*x - 36. Suppose -p + 100 = 3*p. What is the remainder when p is divided by u?
12
Suppose 19 = -3*t + 2*g + 114, 35 = t - 4*g. Calculate the remainder when 56 is divided by t.
25
Let x(d) = d**3 - 5*d**2 + 2*d - 6. Calculate the remainder when 13 is divided by x(5).
1
Let t = 23 - 43. Calculate the remainder when 23 is divided by (-49)/(-4) + 5/t.
11
Suppose 2*a = -2*a + 20. Calculate the remainder when 18 is divided by (2/a)/(3/90).
6
Let z = 4 + 26. Let f = z + 28. Calculate the remainder when f is divided by 20.
18
Suppose 6*v - 2*v + 179 = 3*u, -3*u = v - 169. Calculate the remainder when u is divided by 10/(-45) - (-263)/9.
28
Suppose r + 0*r + 5*f = 22, -2*f = -2*r + 92. What is the remainder when r is divided by 5?
2
Suppose 2*k - 1716 = -10*k. Calculate the remainder when k is divided by 30.
23
Let p(u) = 2*u**2 - u - 22. What is the remainder when p(-6) is divided by 15?
11
Suppose -3*j - 5 - 16 = -3*v, 4*j + 2*v = -28. Let p = -1 - j. What is the remainder when 21 is divided by p?
3
Suppose q + 3*q - 3*l + 17 = 0, -4*l + 18 = -3*q. Calculate the remainder when q/(-8) + (-28)/(-16) is divided by 2.
0
Let j = -87 + 128. Calculate the remainder when j is divided by 14.
13
Suppose -l = -8*l + 175. What is the remainder when 47 is divided by l?
22
Let j be (-2 - 0)/(2/(-1)). Suppose -2*k + 23 = -5*p, -2*p - 13 = 2*k - 3*k. What is the remainder when k is divided by 15/3*2*j?
9
Let l(t) = -t**3 + t**2 - t + 1. Let q be l(0). Let n(p) = 31*p. What is the remainder when n(q) is divided by 100/6 - (-2)/(-3)?
15
Let g = 88 - 70. Calculate the remainder when g is divided by 4.
2
Let u(r) = -r**2 - 3*r + 4. Let k be u(-3). Suppose 